ist the prime factors of 283042.
2, 137, 1033
What are the prime factors of 784579?
31, 25309
What are the prime factors of 2032254?
2, 3, 7, 127
List the prime factors of 286662.
2, 3, 47777
List the prime factors of 56533.
56533
List the prime factors of 273308.
2, 7, 43, 227
What are the prime factors of 260640?
2, 3, 5, 181
List the prime factors of 218270.
2, 5, 13, 23, 73
What are the prime factors of 2370866?
2, 29, 41, 997
List the prime factors of 890994.
2, 3, 13, 11423
What are the prime factors of 2243067?
3, 31, 89, 271
What are the prime factors of 22276296?
2, 3, 7, 1637
List the prime factors of 11129330.
2, 5, 29, 38377
List the prime factors of 16302891.
3, 11, 43, 11489
What are the prime factors of 132484?
2, 11, 3011
What are the prime factors of 7697014?
2, 13, 19, 15581
What are the prime factors of 467952?
2, 3, 9749
What are the prime factors of 889990?
2, 5, 61, 1459
List the prime factors of 2439066.
2, 3, 7, 58073
List the prime factors of 8132510.
2, 5, 813251
List the prime factors of 6231031.
19, 31, 71, 149
What are the prime factors of 266196?
2, 3, 7, 3169
What are the prime factors of 298235?
5, 7, 8521
List the prime factors of 13575106.
2, 23, 295111
What are the prime factors of 3890398?
2, 1945199
What are the prime factors of 5487957?
3, 17, 35869
What are the prime factors of 585876?
2, 3, 48823
List the prime factors of 49337.
103, 479
List the prime factors of 10467523.
11, 499, 1907
What are the prime factors of 646686?
2, 3, 37, 971
What are the prime factors of 1061952?
2, 3, 5531
List the prime factors of 4565033.
11, 223, 1861
What are the prime factors of 12856773?
3, 29, 147779
What are the prime factors of 6698179?
191, 35069
List the prime factors of 460276.
2, 23, 5003
What are the prime factors of 2861777?
2861777
List the prime factors of 295900.
2, 5, 11, 269
List the prime factors of 3038787.
3, 101, 3343
List the prime factors of 2671503.
3, 890501
List the prime factors of 39778.
2, 19889
List the prime factors of 365189.
11, 33199
What are the prime factors of 14027099?
14027099
What are the prime factors of 1611274?
2, 7, 71, 1621
List the prime factors of 12697701.
3, 1451, 2917
List the prime factors of 19815.
3, 5, 1321
List the prime factors of 979783.
7, 139969
What are the prime factors of 4416674?
2, 2208337
What are the prime factors of 646290?
2, 3, 5, 43, 167
What are the prime factors of 113163?
3, 67, 563
What are the prime factors of 2911694?
2, 1455847
List the prime factors of 228410.
2, 5, 7, 13, 251
What are the prime factors of 181903?
181903
List the prime factors of 866620.
2, 5, 43331
What are the prime factors of 5871076?
2, 19, 67, 1153
What are the prime factors of 23477701?
13, 311, 5807
What are the prime factors of 88028?
2, 59, 373
What are the prime factors of 5041867?
269, 18743
List the prime factors of 2446102.
2, 1223051
What are the prime factors of 2820885?
3, 5, 181, 1039
List the prime factors of 3662710.
2, 5, 47, 7793
What are the prime factors of 786294?
2, 3, 14561
List the prime factors of 445834.
2, 41, 5437
What are the prime factors of 566615?
5, 7, 16189
List the prime factors of 85196.
2, 19, 59
What are the prime factors of 4207927?
283, 14869
List the prime factors of 803458.
2, 31, 12959
What are the prime factors of 2586079?
263, 9833
What are the prime factors of 398725?
5, 41, 389
What are the prime factors of 51604?
2, 7, 19, 97
List the prime factors of 174822.
2, 3, 29137
List the prime factors of 1375718.
2, 31, 22189
List the prime factors of 2103067.
2103067
List the prime factors of 640111.
167, 3833
List the prime factors of 117556.
2, 29389
List the prime factors of 3817306.
2, 271, 7043
What are the prime factors of 979785?
3, 5, 21773
What are the prime factors of 228963?
3, 7, 10903
List the prime factors of 4578545.
5, 31, 109, 271
List the prime factors of 8582268.
2, 3, 715189
What are the prime factors of 548880?
2, 3, 5, 2287
List the prime factors of 500782.
2, 337, 743
List the prime factors of 143259.
3, 17, 53
List the prime factors of 6912855.
3, 5, 149, 1031
List the prime factors of 2398750.
2, 5, 19, 101
List the prime factors of 1894009.
13, 89, 1637
List the prime factors of 198196.
2, 49549
List the prime factors of 2572043.
2572043
What are the prime factors of 24177?
3, 8059
What are the prime factors of 1059239?
31, 47, 727
What are the prime factors of 7195318?
2, 13, 17, 73, 223
What are the prime factors of 16972?
2, 4243
List the prime factors of 143398.
2, 71699
What are the prime factors of 389983?
11, 293
What are the prime factors of 778881?
3, 259627
What are the prime factors of 3948821?
3948821
What are the prime factors of 354534?
2, 3, 37, 1597
List the prime factors of 5287874.
2, 197, 13421
List the prime factors of 9843040.
2, 5, 61519
What are the prime factors of 2827610?
2, 5, 17, 16633
List the prime factors of 144418.
2, 163, 443
What are the prime factors of 6461051?
31, 37, 43, 131
List the prime factors of 4797151.
29, 83, 1993
What are the prime factors of 3292581?
3, 67, 16381
List the prime factors of 95361.
3, 7, 19, 239
List the prime factors of 3768415.
5, 7, 67, 1607
List the prime factors of 6525769.
743, 8783
List the prime factors of 2159542.
2, 7, 11, 37, 379
List the prime factors of 4836057.
3, 1612019
List the prime factors of 1781283.
3, 7, 271, 313
What are the prime factors of 296352?
2, 3, 7
What are the prime factors of 259795?
5, 223, 233
List the prime factors of 4398593.
617, 7129
List the prime factors of 620781.
3, 7, 41, 103
What are the prime factors of 3262347?
3, 11, 31, 1063
What are the prime factors of 552540?
2, 3, 5, 9209
What are the prime factors of 2659465?
5, 41, 12973
What are the prime factors of 182106?
2, 3, 67, 151
List the prime factors of 9549595.
5, 11, 173629
What are the prime factors of 7023342?
2, 3, 67, 17471
List the prime factors of 171707.
171707
What are the prime factors of 16427506?
2, 263, 31231
What are the prime factors of 3851526?
2, 3, 7, 91703
List the prime factors of 1303324.
2, 11, 19, 1559
List the prime factors of 738027.
3, 82003
List the prime factors of 3341268.
2, 3, 7, 13259
List the prime factors of 32529161.
7, 569, 8167
List the prime factors of 316469.
316469
List the prime factors of 131974.
2, 19, 23, 151
What are the prime factors of 228033?
3, 13, 1949
List the prime factors of 114711.
3, 38237
What are the prime factors of 686771?
229, 2999
List the prime factors of 1622169.
3, 180241
What are the prime factors of 15899105?
5, 19, 29, 199
What are the prime factors of 511884?
2, 3, 59, 241
What are the prime factors of 67595?
5, 11, 1229
What are the prime factors of 11580310?
2, 5, 7, 19, 8707
List the prime factors of 220480.
2, 5, 13, 53
List the prime factors of 13324152.
2, 3, 43, 12911
List the prime factors of 1997444.
2, 499361
What are the prime factors of 697919?
139, 5021
List the prime factors of 960925.
5, 7, 17, 19
What are the prime factors of 416176?
2, 19, 37
What are the prime factors of 2716725?
3, 5, 11, 37, 89
What are the prime factors of 13726709?
107, 128287
List the prime factors of 1020153.
3, 17, 83, 241
What are the prime factors of 1780738?
2, 59, 15091
List the prime factors of 2379589.
2379589
What are the prime factors of 287432?
2, 19, 31, 61
List the prime factors of 875885.
5, 283, 619
What are the prime factors of 357621?
3, 11, 10837
What are the prime factors of 224718?
2, 3, 13, 43, 67
What are the prime factors of 3615687?
3, 401743
What are the prime factors of 143386?
2, 71693
List the prime factors of 1167082.
2, 7, 11909
List the prime factors of 1731552.
2, 3, 17, 1061
List the prime factors of 3324581.
13, 23, 11119
What are the prime factors of 14679983?
839, 17497
What are the prime factors of 739091?
179, 4129
List the prime factors of 651484.
2, 271, 601
What are the prime factors of 11025690?
2, 3, 5, 13, 17, 1663
List the prime factors of 638035.
5, 127607
What are the prime factors of 68950?
2, 5, 7, 197
List the prime factors of 15236619.
3, 5078873
List the prime factors of 37191.
3, 7, 11, 23
What are the prime factors of 841272?
2, 3, 35053
What are the prime factors of 653225?
5, 17, 29, 53
List the prime factors of 381560.
2, 5, 9539
W